 4*m - 2*x - 21 = 11. Let k(v) = v - 5. Let j be k(m). Is (950/15)/(j + 3/(-9)) a composite number?
True
Let h(d) be the second derivative of -13*d**5/20 - d**4/12 - 25*d**3/6 - 13*d**2/2 + 205*d. Is h(-8) a composite number?
False
Let v(n) = -10*n**3 + 3*n**2 - 2*n + 11. Let i = 381 - 387. Is v(i) composite?
True
Let n be -5*-3*(-372)/(-45). Suppose -2703 - n = -11*r. Is r a prime number?
True
Suppose 12*m + 7*m = -12*m + 69402397. Is m composite?
False
Let v(b) = -b + 5. Let f be v(3). Suppose -3*w + d = -f*w - 200, -5*w + 1006 = -3*d. Let x = w - -236. Is x a composite number?
False
Suppose -333019 = 52*m - 3382653 - 1439162. Is m prime?
True
Suppose 0 = 9*f + 16*f - 38707470 - 42557455. Is f a composite number?
True
Is 0*(0 - -9)/9 + 85919 a composite number?
True
Is 2/(4*-2) + (-14250194)/(-232) a prime number?
False
Suppose 36*y - 482995 = -5*g + 34*y, 0 = -2*g + 5*y + 193227. Is g prime?
True
Let g = 241787 + -136960. Is g composite?
False
Let r = 2155 + -679. Let j = r + -115. Suppose 3*c = 0, -2*x + c = -x - j. Is x prime?
True
Suppose n = 5*n - 2848. Let d = 1555 + n. Is d prime?
True
Let f(j) = 14568*j - 175. Is f(34) prime?
False
Let f(u) = -351*u - 12. Let y(g) = -354*g - 16. Let m(n) = n + 2. Let a(v) = 3*m(v) + y(v). Let i(l) = 4*a(l) - 3*f(l). Is i(-3) composite?
False
Suppose 5*i - 10*p + 8*p + 3876 = 0, i + 5*p = -786. Let w = 387 - i. Is w a prime number?
True
Let i(n) = 62*n**2 + 4*n + 2. Let v be i(-2). Let s = -552 + 557. Suppose 3*y + 20 = 5*b + 138, -s*y - 3*b = -v. Is y prime?
False
Is ((18 - 1) + (39 - 39))/((-1)/(-12637)) composite?
True
Let c be 3/(-6)*(-2 + -2 + 2). Suppose 9*k = 1 - c. Suppose -6*u + 0*u + 2706 = k. Is u a prime number?
False
Let y be ((-308)/(-6))/((-10)/12270). Is (-4)/(40/y) - (-6)/15 prime?
True
Let l(k) = 5*k - 25. Let r(n) = 3*n + 24. Let x be r(-6). Let i be l(x). Is (-8)/(-20) + 21243/i a prime number?
False
Suppose 0 = 311*f - 309*f - 772874. Is f prime?
True
Let c = -21460 + 62414. Is c a composite number?
True
Let h = 3558 + -249. Suppose -5*n + 5515 = 2*s, -3*s + h = n + 2*n. Is n composite?
False
Let o(s) = 13*s + 47. Let z be o(15). Suppose -14 = 4*m - z. Suppose -m + 375 = 6*q. Is q prime?
True
Suppose 8*t = -19*t - 0*t + 6538995. Is t composite?
True
Let u(q) = q**2 + 5*q + 14. Let l be u(-4). Suppose 0 = l*i - 13 - 7. Is (2/6)/(((-6)/(-1899))/i) a composite number?
False
Suppose 3*v = -2*d + 12049, -3*v + d = -1303 - 10731. Let b = 8208 - v. Is b a composite number?
True
Let v be 2/3*36/4. Suppose -4*o = -14 - v. Suppose -y + o*n = n - 1791, 0 = y + 3*n - 1805. Is y prime?
False
Suppose 5*r = 5*y - 285, 3*r + 175 = -y + 6*y. Let b be (4/10)/((-11)/r). Suppose -6244 = -b*v - 2*v. Is v composite?
True
Let y = -223 + 234. Suppose -15*v + 4108 = -y*v. Is v a prime number?
False
Suppose -k + 69399 + 77119 = -5*y, 4*k - 2*y - 586018 = 0. Is k composite?
True
Let p(q) = -q**3 + q**2 + 6. Let z be p(0). Suppose -2*k - x = -10861, 3*k + 4*x + 16297 = z*k. Is k a composite number?
False
Let u(l) = l**2 + 6*l - 3. Let x be u(-6). Let v be -668*(4/16 + x/1). Let y = v - 714. Is y a composite number?
False
Suppose 0 = 2*a + j + 20, -3*a - j + 8 = 40. Let p be (3/a)/(1/10)*2. Is 862*p/25*-5 prime?
False
Suppose 4 = 2*s, m - s = -4*s - 457. Let d = 20148 - m. Is d a prime number?
True
Let w be (-18 - -30)*(-1)/(-2). Suppose 4*h - 1008 = -4*z, w*z - 2*h - 484 = 4*z. Is z composite?
True
Suppose 3*c + 2*d + 5 = 0, -c + 20 = 3*d + 2*d. Let k(s) = -s. Let h(w) = -182*w - 1. Let a(y) = c*k(y) + h(y). Is a(-2) prime?
True
Suppose 5*a + 4*u = 903973 - 81292, 0 = a + 3*u - 164534. Is a composite?
True
Suppose v = -3*v. Let l be 26/8 - (-30)/40 - 0. Suppose l*n + 5*g - 404 = 0, -n + 4*n - 4*g - 334 = v. Is n a composite number?
True
Suppose 66*u + 4121 - 69370 = 65*u. Is u a composite number?
True
Suppose -4*n = -0*n + 4*n. Suppose n = -5*k + 5, -h + 2*k + 0 = 2. Suppose h = -4*x + 3*t + 2152, -2*t = -7*t + 20. Is x prime?
True
Suppose -5*s = -m - 503245, 39970 = 2*s + m - 161328. Is s prime?
True
Suppose 61 = 10*y - 49. Suppose 3 + 74 = y*c. Suppose 5*p + c*l - 4310 = 2*l, p + 5*l = 858. Is p prime?
True
Suppose -n = 5*x + 2*n - 639035, -3*x = -n - 383421. Is x prime?
True
Suppose -15 + 3 = -3*q. Suppose 6*w - 86 = q*w - n, -2*w + 3*n + 102 = 0. Let b = 68 + w. Is b prime?
True
Let h be 5*(-5 - -4) - -15. Let o be (-2)/5 - ((-24)/h - 1). Suppose -o*r + 4*r = 2*q - 2727, 2*q + 4*r - 2702 = 0. Is q a prime number?
True
Let d = 15 - 11. Let i(w) = 234*w**2 + w + 1. Let c(z) = -233*z**2 - 3. Let p(l) = -3*c(l) - 2*i(l). Is p(d) prime?
False
Let r be (-9022)/(-52) - (-3)/2. Let t = r - 12. Is t a prime number?
True
Suppose x = 533685 + 536926. Is x prime?
False
Let w be 84/48 + (-1)/(-4). Is 10301/w*(-28)/(-14) a prime number?
True
Let v(d) = 2320*d + 5. Is v(18) composite?
True
Let v be (((-144)/(-5))/8)/(4/10). Let p = v - 2. Suppose 0 = 9*n - p*n - 586. Is n a composite number?
False
Suppose 10 = 20*g - 15*g. Let b be 3/((-12)/8) - (g + -2248). Let v = 5593 - b. Is v a composite number?
True
Suppose -6*m = 6 - 30. Suppose 5*k - a - 2093 = 0, k = -m*k - 5*a + 2105. Is k composite?
False
Suppose -178572 - 341761 = 5*v - 16*v. Is v prime?
True
Let o = 14494 + -654. Suppose 0 = 7*c + 9*c - o. Is c a composite number?
True
Suppose -75*f = 12*f - 1296474. Is f a composite number?
True
Let v be 4*(620/(-8))/(-5). Let f = 64 - v. Is (-7*(-548)/(-12))/(f/(-6)) prime?
False
Let k(h) = -22*h**3 - 2*h**2 + 1. Let b be k(-3). Suppose 3*l - b = 1400. Suppose -5*x = 3*z - 403, x - 3*x = 5*z - l. Is z a prime number?
True
Suppose 3*a + 415247 + 404020 = 3*p, -3*a = 4*p - 1092314. Is p prime?
True
Let z(h) = -1233*h + 37. Let g(s) be the third derivative of -5*s**4/24 - 11*s**3 + 4*s**2. Let i be g(-12). Is z(i) composite?
True
Let w = -648 + 1232. Suppose 0 = -w*n + 587*n - 1839. Is n a composite number?
False
Suppose 4*y + 3000 = 25764. Suppose u - y = 9872. Is u a prime number?
False
Let l be (-3)/(41695/10425 - 4). Let o(d) = -660*d - 46. Let j be o(6). Let u = j + l. Is u prime?
False
Suppose -2*p + 5432476 = 4*l, 4*l - 3211072 - 2221404 = -p. Is l prime?
False
Let x = -28 - -46. Suppose -13*s - 22225 = -x*s. Suppose -5*q + 5*a + s = 0, 2*q + 4*a - 2000 = -234. Is q composite?
False
Let j(v) = -448*v + 249. Is j(-2) a composite number?
True
Suppose -97*r - 76*r - 21318206 = -54136825. Is r a prime number?
False
Let i(f) = f**3 + 7*f**2 + 11*f + 9. Let l be i(-5). Suppose -2*g + 12452 = 4*k - 6*g, k = l*g + 3125. Is k a prime number?
True
Let x(s) = 8*s + 16*s + 462*s**2 + 3 + 7*s - 33*s. Let r be x(1). Let y = r - -2244. Is y a prime number?
True
Suppose d - 1270176 = -11*d. Is 4 + d/10 - 10/(-50) a prime number?
True
Let h be (176/(-32) - -7)/((-3)/3844). Let q = 4079 - h. Is q prime?
False
Suppose 3887 = -10*g + 377. Let a(p) = 4*p**3 - 11*p**2 + 5*p + 16. Let u be a(7). Let c = g + u. Is c prime?
False
Suppose -4*k - 3*w - 11 = 0, 3*k - 3 + 7 = 2*w. Is (-39)/k*4438/21 a composite number?
True
Let f(c) = -c**2 - 2*c + 139. Suppose j - 3*n - 3 = -0*j, -3*n - 3 = 0. Let u be f(j). Suppose -680 = -x - u. Is x a prime number?
True
Let y(x) = -2206*x**3 + 93*x**2 + 5*x - 7. Is y(-3) a composite number?
True
Suppose 493*k - 205598821 = 186*k. Is k composite?
True
Let c(v) = -5*v - 11. Let l be (-5)/2 - (1 + 2/(-4)). Let k be c(l). Suppose k*d + 1398 = 10*d. Is d prime?
True
Let h be -5 + (-13)/(78/(-60)). Suppose 13*r - 8*r - 2455 = 5*a, -h*a - 1481 = -3*r. Is r a prime number?
True
Let z be 2866/5 - ((-2)/5)/(-2). Suppose -1551 = -6*h - z. Is h a prime number?
True
Let v be 26 + 146 - 6/(-3). Suppose 0 = -159*m + v*m - 71310. Is m prime?
False
Let p(v) = 1967*v. Let t be p(1). Let n be (18 + t)/(0 + 1/11). Suppose 18*o - 29*o = -n. Is o a prime number?
False
Suppose 0 = 16*k - 5259910 - 1571854 + 1762276. Is k composite?
True
Let j be ((-75)/(-100))/(1*1/4). Suppose 5*v = 3*b + 98259 + 10553, -65292 = -j*v - 3*b. Is v a composite number?
True
Suppose 3*z - 22 = -2*k + 13, 3*z - 5*k = 7. Let v(b) = -b**3 + 9*b**2 + 2*b - 11. Let f be v(z). Suppose f*o - 590 = 2*o. Is o a composite number?
True
Suppose 0 = -5*t - 5, 2*w + 1 = 3*w + 5*t. Suppose 4*v - 2*h = -w, 3*v = 2*v + 2*h - 6. Suppose v = -g + 9 + 1. Is g a prime